{"id":43,"date":"2019-02-13T04:34:51","date_gmt":"2019-02-13T04:34:51","guid":{"rendered":"http:\/\/monimoney.com\/?page_id=43"},"modified":"2023-01-10T00:47:14","modified_gmt":"2023-01-10T06:47:14","slug":"moni-money-finanzas-personales","status":"publish","type":"page","link":"https:\/\/monimoney.com\/index.php\/moni-money-finanzas-personales\/","title":{"rendered":"Sobre m\u00ed"},"content":{"rendered":"\n<div class=\"wp-block-group alignfull is-layout-constrained wp-container-11 wp-block-group-is-layout-constrained\">\n<div class=\"wp-block-media-text alignwide is-stacked-on-mobile is-style-hover-zoom-img has-black-color has-very-light-bg-background-color has-text-color has-background\"><figure class=\"wp-block-media-text__media\"><img decoding=\"async\" loading=\"lazy\" width=\"600\" height=\"872\" src=\"https:\/\/monimoney.com\/wp-content\/uploads\/2023\/01\/Moni5.jpg\" alt=\"\" class=\"wp-image-441 size-full\" srcset=\"https:\/\/monimoney.com\/wp-content\/uploads\/2023\/01\/Moni5.jpg 600w, https:\/\/monimoney.com\/wp-content\/uploads\/2023\/01\/Moni5-206x300.jpg 206w\" sizes=\"(max-width: 600px) 100vw, 600px\" \/><\/figure><div class=\"wp-block-media-text__content\">\n<h2 class=\"has-text-align-center has-light-bg-color has-text-color has-huge-font-size wp-block-heading\" style=\"text-transform:uppercase\">Moni money<\/h2>\n\n\n\n<p class=\"has-custom-color-2-color has-text-color\">\u00a1Hola, soy&nbsp;<strong>Moni Money<\/strong>!<\/p>\n\n\n\n<p>Desde hace poco m\u00e1s de 8 a\u00f1os, ayudo a las personas a mejorar sus finanzas personales (por medio de capacitaciones, ahorro, inversiones, protecciones patrimoniales y seguros), haciendo que se vuelva un h\u00e1bito f\u00e1cil y sencillo de realizar y utilizando herramientas creativas, \u00fanicas y constantes.<\/p>\n\n\n\n<p>Es por ello que es momento de ayudar a muchas m\u00e1s personas a lograr lo mismo (o m\u00e1s), a trav\u00e9s de mis asesor\u00edas especializadas y completamente personalizadas; as\u00ed como por medio de mis talleres.<\/p>\n\n\n\n<p class=\"has-text-color\" style=\"color:#039aab\">Tu bien sabes que tus <strong>finanzas personales <\/strong>no son un juego, sin embargo puedes aprender a manejarlas de manera divertida.<\/p>\n<\/div><\/div>\n\n\n\n<div style=\"height:20px\" aria-hidden=\"true\" class=\"wp-block-spacer\"><\/div>\n\n\n\n<div class=\"wp-block-columns is-layout-flex wp-container-3 wp-block-columns-is-layout-flex\">\n<div class=\"wp-block-column is-layout-flow wp-block-column-is-layout-flow\">\n<p class=\"has-text-align-center has-text-color has-large-font-size\" style=\"color:#039aab;line-height:1\"><strong>Mi misi\u00f3n:<\/strong><\/p>\n\n\n\n<p class=\"has-text-align-center has-normal-font-size\">Apoyar a las personas a mejorar su relaci\u00f3n con el dinero, transformando su futuro financiero. <\/p>\n\n\n\n<p class=\"has-text-align-center has-normal-font-size\">\u00a1Generar riqueza integral, a trav\u00e9s de un despertar de conciencias es mi reto!<\/p>\n<\/div>\n\n\n\n<div class=\"wp-block-column is-layout-flow wp-block-column-is-layout-flow\">\n<p class=\"has-text-align-center has-accent-3-color has-text-color has-large-font-size\" style=\"line-height:1\"><strong>Mis valores:<\/strong><\/p>\n\n\n\n<ul>\n<li>Pasi\u00f3n por lo que hago<\/li>\n\n\n\n<li>Informaci\u00f3n de valor en tiempo y forma<\/li>\n\n\n\n<li>Integridad, honestidad y responsabilidad<\/li>\n\n\n\n<li>Alegr\u00eda por servir y atender<\/li>\n\n\n\n<li>Creatividad<\/li>\n\n\n\n<li>Persistencia<\/li>\n<\/ul>\n<\/div>\n<\/div>\n\n\n\n<h2 class=\"has-text-align-center wp-block-heading\">Me especializo en:<\/h2>\n\n\n\n<div class=\"wp-block-columns alignfull is-layout-flex wp-container-7 wp-block-columns-is-layout-flex\">\n<div class=\"wp-block-column has-light-bg-background-color has-background is-layout-flow wp-block-column-is-layout-flow\" style=\"padding-top:20px;padding-right:0;padding-bottom:10px;padding-left:0\">\n<p class=\"has-text-align-center has-very-light-bg-color has-text-color has-huge-font-size\"><strong>Seguros<\/strong><\/p>\n\n\n\n<ul>\n<li>Vida<\/li>\n\n\n\n<li>Gastos M\u00e9dicos Mayores<\/li>\n\n\n\n<li>Hogar<\/li>\n\n\n\n<li>Auto<\/li>\n\n\n\n<li>Negocio<\/li>\n<\/ul>\n<\/div>\n\n\n\n<div class=\"wp-block-column has-accent-3-background-color has-background is-layout-flow wp-block-column-is-layout-flow\" style=\"padding-top:20px;padding-right:0;padding-bottom:10px;padding-left:0\">\n<p class=\"has-text-align-center has-very-light-bg-color has-text-color has-huge-font-size\"><strong>Ahorro e Inversi\u00f3n<\/strong><\/p>\n\n\n\n<ul>\n<li>Educativo<\/li>\n\n\n\n<li>Retiro (PPR)<\/li>\n\n\n\n<li>Metas espec\u00edficas<\/li>\n<\/ul>\n<\/div>\n\n\n\n<div class=\"wp-block-column has-accent-2-background-color has-background is-layout-flow wp-block-column-is-layout-flow\" style=\"padding-top:20px;padding-right:0;padding-bottom:10px;padding-left:0\">\n<p class=\"has-text-align-center has-very-light-bg-color has-text-color has-huge-font-size\"><strong>Asesor\u00eda y Capacitaciones<\/strong><\/p>\n\n\n\n<ul>\n<li>Finanzas personales<\/li>\n\n\n\n<li>Finanzas para emprendedores<\/li>\n<\/ul>\n<\/div>\n<\/div>\n\n\n\n<div style=\"height:20px\" aria-hidden=\"true\" class=\"wp-block-spacer\"><\/div>\n\n\n\n<div class=\"wp-block-group alignfull is-layout-flow wp-block-group-is-layout-flow\">\n<p class=\"has-text-align-center has-medium-font-size\">A trav\u00e9s de este espacio web tocar\u00e9 temas serios respecto a tus finanzas, pero siempre de manera innovadora y divertida.<\/p>\n\n\n\n<p class=\"has-text-align-center has-medium-font-size\">Sin embargo, no olvides visitarme en mis redes en donde constantemente tendr\u00e9 material actualizado.<\/p>\n\n\n\n<p class=\"has-text-align-center has-medium-font-size\">Visita mis redes sociales:<\/p>\n<\/div>\n\n\n\n<ul class=\"wp-block-social-links has-normal-icon-size is-content-justification-center is-layout-flex wp-container-9 wp-block-social-links-is-layout-flex\"><li class=\"wp-social-link wp-social-link-facebook  wp-block-social-link\"><a href=\"https:\/\/www.facebook.com\/M0niM0ney\/\" class=\"wp-block-social-link-anchor\"><svg width=\"24\" height=\"24\" viewBox=\"0 0 24 24\" version=\"1.1\" xmlns=\"http:\/\/www.w3.org\/2000\/svg\" aria-hidden=\"true\" focusable=\"false\"><path d=\"M12 2C6.5 2 2 6.5 2 12c0 5 3.7 9.1 8.4 9.9v-7H7.9V12h2.5V9.8c0-2.5 1.5-3.9 3.8-3.9 1.1 0 2.2.2 2.2.2v2.5h-1.3c-1.2 0-1.6.8-1.6 1.6V12h2.8l-.4 2.9h-2.3v7C18.3 21.1 22 17 22 12c0-5.5-4.5-10-10-10z\"><\/path><\/svg><span class=\"wp-block-social-link-label screen-reader-text\">Facebook<\/span><\/a><\/li>\n\n<li class=\"wp-social-link wp-social-link-twitter  wp-block-social-link\"><a href=\"https:\/\/twitter.com\/monimoney8\" class=\"wp-block-social-link-anchor\"><svg width=\"24\" height=\"24\" viewBox=\"0 0 24 24\" version=\"1.1\" xmlns=\"http:\/\/www.w3.org\/2000\/svg\" aria-hidden=\"true\" focusable=\"false\"><path d=\"M22.23,5.924c-0.736,0.326-1.527,0.547-2.357,0.646c0.847-0.508,1.498-1.312,1.804-2.27 c-0.793,0.47-1.671,0.812-2.606,0.996C18.324,4.498,17.257,4,16.077,4c-2.266,0-4.103,1.837-4.103,4.103 c0,0.322,0.036,0.635,0.106,0.935C8.67,8.867,5.647,7.234,3.623,4.751C3.27,5.357,3.067,6.062,3.067,6.814 c0,1.424,0.724,2.679,1.825,3.415c-0.673-0.021-1.305-0.206-1.859-0.513c0,0.017,0,0.034,0,0.052c0,1.988,1.414,3.647,3.292,4.023 c-0.344,0.094-0.707,0.144-1.081,0.144c-0.264,0-0.521-0.026-0.772-0.074c0.522,1.63,2.038,2.816,3.833,2.85 c-1.404,1.1-3.174,1.756-5.096,1.756c-0.331,0-0.658-0.019-0.979-0.057c1.816,1.164,3.973,1.843,6.29,1.843 c7.547,0,11.675-6.252,11.675-11.675c0-0.178-0.004-0.355-0.012-0.531C20.985,7.47,21.68,6.747,22.23,5.924z\"><\/path><\/svg><span class=\"wp-block-social-link-label screen-reader-text\">Twitter<\/span><\/a><\/li>\n\n<li class=\"wp-social-link wp-social-link-instagram  wp-block-social-link\"><a href=\"https:\/\/www.instagram.com\/monimoney8\/\" class=\"wp-block-social-link-anchor\"><svg width=\"24\" height=\"24\" viewBox=\"0 0 24 24\" version=\"1.1\" xmlns=\"http:\/\/www.w3.org\/2000\/svg\" aria-hidden=\"true\" focusable=\"false\"><path d=\"M12,4.622c2.403,0,2.688,0.009,3.637,0.052c0.877,0.04,1.354,0.187,1.671,0.31c0.42,0.163,0.72,0.358,1.035,0.673 c0.315,0.315,0.51,0.615,0.673,1.035c0.123,0.317,0.27,0.794,0.31,1.671c0.043,0.949,0.052,1.234,0.052,3.637 s-0.009,2.688-0.052,3.637c-0.04,0.877-0.187,1.354-0.31,1.671c-0.163,0.42-0.358,0.72-0.673,1.035 c-0.315,0.315-0.615,0.51-1.035,0.673c-0.317,0.123-0.794,0.27-1.671,0.31c-0.949,0.043-1.233,0.052-3.637,0.052 s-2.688-0.009-3.637-0.052c-0.877-0.04-1.354-0.187-1.671-0.31c-0.42-0.163-0.72-0.358-1.035-0.673 c-0.315-0.315-0.51-0.615-0.673-1.035c-0.123-0.317-0.27-0.794-0.31-1.671C4.631,14.688,4.622,14.403,4.622,12 s0.009-2.688,0.052-3.637c0.04-0.877,0.187-1.354,0.31-1.671c0.163-0.42,0.358-0.72,0.673-1.035 c0.315-0.315,0.615-0.51,1.035-0.673c0.317-0.123,0.794-0.27,1.671-0.31C9.312,4.631,9.597,4.622,12,4.622 M12,3 C9.556,3,9.249,3.01,8.289,3.054C7.331,3.098,6.677,3.25,6.105,3.472C5.513,3.702,5.011,4.01,4.511,4.511 c-0.5,0.5-0.808,1.002-1.038,1.594C3.25,6.677,3.098,7.331,3.054,8.289C3.01,9.249,3,9.556,3,12c0,2.444,0.01,2.751,0.054,3.711 c0.044,0.958,0.196,1.612,0.418,2.185c0.23,0.592,0.538,1.094,1.038,1.594c0.5,0.5,1.002,0.808,1.594,1.038 c0.572,0.222,1.227,0.375,2.185,0.418C9.249,20.99,9.556,21,12,21s2.751-0.01,3.711-0.054c0.958-0.044,1.612-0.196,2.185-0.418 c0.592-0.23,1.094-0.538,1.594-1.038c0.5-0.5,0.808-1.002,1.038-1.594c0.222-0.572,0.375-1.227,0.418-2.185 C20.99,14.751,21,14.444,21,12s-0.01-2.751-0.054-3.711c-0.044-0.958-0.196-1.612-0.418-2.185c-0.23-0.592-0.538-1.094-1.038-1.594 c-0.5-0.5-1.002-0.808-1.594-1.038c-0.572-0.222-1.227-0.375-2.185-0.418C14.751,3.01,14.444,3,12,3L12,3z M12,7.378 c-2.552,0-4.622,2.069-4.622,4.622S9.448,16.622,12,16.622s4.622-2.069,4.622-4.622S14.552,7.378,12,7.378z M12,15 c-1.657,0-3-1.343-3-3s1.343-3,3-3s3,1.343,3,3S13.657,15,12,15z M16.804,6.116c-0.596,0-1.08,0.484-1.08,1.08 s0.484,1.08,1.08,1.08c0.596,0,1.08-0.484,1.08-1.08S17.401,6.116,16.804,6.116z\"><\/path><\/svg><span class=\"wp-block-social-link-label screen-reader-text\">Instagram<\/span><\/a><\/li><\/ul>\n\n\n\n<div style=\"height:27px\" aria-hidden=\"true\" class=\"wp-block-spacer\"><\/div>\n\n\n\n<h2 class=\"has-text-align-center wp-block-heading\">Recuerda:<\/h2>\n\n\n\n<h1 class=\"has-text-align-center has-accent-2-color has-text-color wp-block-heading\"><strong>\u201cVive el presente sin descuidar el futuro, porque al final\u2026 todo puede suceder\u201d<\/strong>.<\/h1>\n\n\n\n<div class=\"wp-block-group is-layout-constrained wp-block-group-is-layout-constrained\">\n<div style=\"height:50px\" aria-hidden=\"true\" class=\"wp-block-spacer\"><\/div>\n<\/div>\n<\/div>\n","protected":false},"excerpt":{"rendered":"<p>Moni money \u00a1Hola, soy&nbsp;Moni Money! Desde hace poco m\u00e1s de 8 a\u00f1os, ayudo a las personas a mejorar sus finanzas personales (por medio de capacitaciones, ahorro, inversiones, protecciones patrimoniales y seguros), haciendo que se vuelva un h\u00e1bito f\u00e1cil y sencillo de realizar y utilizando herramientas creativas, \u00fanicas y constantes. Es por ello que es momento [&hellip;]<\/p>\n","protected":false},"author":1,"featured_media":0,"parent":0,"menu_order":0,"comment_status":"closed","ping_status":"closed","template":"","meta":{"footnotes":""},"_links":{"self":[{"href":"https:\/\/monimoney.com\/index.php\/wp-json\/wp\/v2\/pages\/43"}],"collection":[{"href":"https:\/\/monimoney.com\/index.php\/wp-json\/wp\/v2\/pages"}],"about":[{"href":"https:\/\/monimoney.com\/index.php\/wp-json\/wp\/v2\/types\/page"}],"author":[{"embeddable":true,"href":"https:\/\/monimoney.com\/index.php\/wp-json\/wp\/v2\/users\/1"}],"replies":[{"embeddable":true,"href":"https:\/\/monimoney.com\/index.php\/wp-json\/wp\/v2\/comments?post=43"}],"version-history":[{"count":55,"href":"https:\/\/monimoney.com\/index.php\/wp-json\/wp\/v2\/pages\/43\/revisions"}],"predecessor-version":[{"id":505,"href":"https:\/\/monimoney.com\/index.php\/wp-json\/wp\/v2\/pages\/43\/revisions\/505"}],"wp:attachment":[{"href":"https:\/\/monimoney.com\/index.php\/wp-json\/wp\/v2\/media?parent=43"}],"curies":[{"name":"wp","href":"https:\/\/api.w.org\/{rel}","templated":true}]}}